{"id":289,"date":"2025-03-10T18:23:27","date_gmt":"2025-03-10T18:23:27","guid":{"rendered":"https:\/\/kaposvarievangelikus.hu\/?page_id=289"},"modified":"2025-04-09T08:53:53","modified_gmt":"2025-04-09T08:53:53","slug":"zenekar","status":"publish","type":"page","link":"https:\/\/kaposvarievangelikus.hu\/index.php\/zenekar\/","title":{"rendered":"Kamaraegy\u00fcttes"},"content":{"rendered":"<p style=\"text-align: center;\"><strong>A Kaposv\u00e1ri Evang\u00e9likus Gy\u00fclekezet<\/strong><\/p>\n<p style=\"text-align: center;\"><strong>Kamaraegy\u00fcttese<\/strong><\/p>\n<p>A Kaposv\u00e1ri Evang\u00e9likus Gy\u00fclekezet Kamaraegy\u00fcttese &#8211; nyolc, lelkes, zeneszeret\u0151, hangszeren j\u00e1tsz\u00f3 gy\u00fclekezeti tagunk r\u00e9szv\u00e9tel\u00e9vel &#8211; 2018 december\u00e9ben kezdte meg m\u0171k\u00f6d\u00e9s\u00e9t. Az egy\u00fcttes alapvet\u0151 c\u00e9lkit\u0171z\u00e9sei k\u00f6z\u00e9 tartozik templomunk Istentiszteletein val\u00f3 zen\u00e9s k\u00f6zrem\u0171k\u00f6d\u00e9s. Ennek eredm\u00e9nyek\u00e9ppen az elm\u00falt \u00e9vekben rendszeresen r\u00e9szt vett\u00fcnk az egyh\u00e1zi esztend\u0151 jeles alkalmain: Advent, Kar\u00e1csony, H\u00fasv\u00e9t, P\u00fcnk\u00f6sd, Zenepavilon, ARS SACRA, Reform\u00e1ci\u00f3, Egyh\u00e1zmegyei Misszi\u00f3s nap, \u00d6kumenikus, \u00darvacsor\u00e1s \u00e9s \u00dcnnepi Istentiszteletek.<\/p>\n<p>Az egy\u00fcttes m\u0171sor\u00e1ban els\u0151sorban barokk (Bach, Corelli, Buxtehude, Handel, Vivaldi, Lotti, Torri, Telemann, Esterh\u00e1zy), valamint Mozart, Schubert alkot\u00e1sai szerepelnek. Az egy\u00fcttes Papp Tibor ir\u00e1ny\u00edt\u00e1s\u00e1val dolgozik, \u00e9vente 4-5 alkalommal szolg\u00e1lunk (gyakran Gy\u00fclekezet\u00fcnk K\u00f3rus\u00e1val k\u00f6z\u00f6sen), jelenlegi l\u00e9tsz\u00e1munk 10-12 f\u0151.<\/p>\n<p><img loading=\"lazy\" decoding=\"async\" class=\"alignnone size-large wp-image-383\" src=\"https:\/\/kaposvarievangelikus.hu\/wp-content\/uploads\/2025\/03\/2019-05-19-Kaposvar-Zenepavilon-1024x640.jpg\" alt=\"\" width=\"1020\" height=\"638\" srcset=\"https:\/\/kaposvarievangelikus.hu\/wp-content\/uploads\/2025\/03\/2019-05-19-Kaposvar-Zenepavilon-1024x640.jpg 1024w, https:\/\/kaposvarievangelikus.hu\/wp-content\/uploads\/2025\/03\/2019-05-19-Kaposvar-Zenepavilon-300x188.jpg 300w, https:\/\/kaposvarievangelikus.hu\/wp-content\/uploads\/2025\/03\/2019-05-19-Kaposvar-Zenepavilon-768x480.jpg 768w, https:\/\/kaposvarievangelikus.hu\/wp-content\/uploads\/2025\/03\/2019-05-19-Kaposvar-Zenepavilon-1536x961.jpg 1536w, https:\/\/kaposvarievangelikus.hu\/wp-content\/uploads\/2025\/03\/2019-05-19-Kaposvar-Zenepavilon-2048x1281.jpg 2048w, https:\/\/kaposvarievangelikus.hu\/wp-content\/uploads\/2025\/03\/2019-05-19-Kaposvar-Zenepavilon-320x200.jpg 320w\" sizes=\"auto, (max-width: 1020px) 100vw, 1020px\" \/> <img loading=\"lazy\" decoding=\"async\" class=\"alignnone size-large wp-image-384\" src=\"https:\/\/kaposvarievangelikus.hu\/wp-content\/uploads\/2025\/03\/2022-12-17-Kvar-Ev.templom-1024x592.jpg\" alt=\"\" width=\"1020\" height=\"590\" srcset=\"https:\/\/kaposvarievangelikus.hu\/wp-content\/uploads\/2025\/03\/2022-12-17-Kvar-Ev.templom-1024x592.jpg 1024w, https:\/\/kaposvarievangelikus.hu\/wp-content\/uploads\/2025\/03\/2022-12-17-Kvar-Ev.templom-300x173.jpg 300w, https:\/\/kaposvarievangelikus.hu\/wp-content\/uploads\/2025\/03\/2022-12-17-Kvar-Ev.templom-768x444.jpg 768w, https:\/\/kaposvarievangelikus.hu\/wp-content\/uploads\/2025\/03\/2022-12-17-Kvar-Ev.templom-1536x888.jpg 1536w, https:\/\/kaposvarievangelikus.hu\/wp-content\/uploads\/2025\/03\/2022-12-17-Kvar-Ev.templom.jpg 1674w\" sizes=\"auto, (max-width: 1020px) 100vw, 1020px\" \/> <img loading=\"lazy\" decoding=\"async\" class=\"alignnone size-large wp-image-385\" src=\"https:\/\/kaposvarievangelikus.hu\/wp-content\/uploads\/2025\/03\/2023-03-05-Kvar-Ev.templom-1024x535.jpg\" alt=\"\" width=\"1020\" height=\"533\" srcset=\"https:\/\/kaposvarievangelikus.hu\/wp-content\/uploads\/2025\/03\/2023-03-05-Kvar-Ev.templom-1024x535.jpg 1024w, https:\/\/kaposvarievangelikus.hu\/wp-content\/uploads\/2025\/03\/2023-03-05-Kvar-Ev.templom-300x157.jpg 300w, https:\/\/kaposvarievangelikus.hu\/wp-content\/uploads\/2025\/03\/2023-03-05-Kvar-Ev.templom-768x401.jpg 768w, https:\/\/kaposvarievangelikus.hu\/wp-content\/uploads\/2025\/03\/2023-03-05-Kvar-Ev.templom.jpg 1170w\" sizes=\"auto, (max-width: 1020px) 100vw, 1020px\" \/> <img loading=\"lazy\" decoding=\"async\" class=\"alignnone size-large wp-image-386\" src=\"https:\/\/kaposvarievangelikus.hu\/wp-content\/uploads\/2025\/03\/2023-06-04-Csurgo-Egyhazmegyei-Misszios-nap-1024x621.jpg\" alt=\"\" width=\"1020\" height=\"619\" srcset=\"https:\/\/kaposvarievangelikus.hu\/wp-content\/uploads\/2025\/03\/2023-06-04-Csurgo-Egyhazmegyei-Misszios-nap-1024x621.jpg 1024w, https:\/\/kaposvarievangelikus.hu\/wp-content\/uploads\/2025\/03\/2023-06-04-Csurgo-Egyhazmegyei-Misszios-nap-300x182.jpg 300w, https:\/\/kaposvarievangelikus.hu\/wp-content\/uploads\/2025\/03\/2023-06-04-Csurgo-Egyhazmegyei-Misszios-nap-768x466.jpg 768w, https:\/\/kaposvarievangelikus.hu\/wp-content\/uploads\/2025\/03\/2023-06-04-Csurgo-Egyhazmegyei-Misszios-nap-1536x932.jpg 1536w, https:\/\/kaposvarievangelikus.hu\/wp-content\/uploads\/2025\/03\/2023-06-04-Csurgo-Egyhazmegyei-Misszios-nap-2048x1243.jpg 2048w\" sizes=\"auto, (max-width: 1020px) 100vw, 1020px\" \/> <img loading=\"lazy\" decoding=\"async\" class=\"alignnone size-large wp-image-387\" src=\"https:\/\/kaposvarievangelikus.hu\/wp-content\/uploads\/2025\/03\/2024-03-17-Kvar-Ev.templom-1024x617.jpg\" alt=\"\" width=\"1020\" height=\"615\" srcset=\"https:\/\/kaposvarievangelikus.hu\/wp-content\/uploads\/2025\/03\/2024-03-17-Kvar-Ev.templom-1024x617.jpg 1024w, https:\/\/kaposvarievangelikus.hu\/wp-content\/uploads\/2025\/03\/2024-03-17-Kvar-Ev.templom-300x181.jpg 300w, https:\/\/kaposvarievangelikus.hu\/wp-content\/uploads\/2025\/03\/2024-03-17-Kvar-Ev.templom-768x462.jpg 768w, https:\/\/kaposvarievangelikus.hu\/wp-content\/uploads\/2025\/03\/2024-03-17-Kvar-Ev.templom-1536x925.jpg 1536w, https:\/\/kaposvarievangelikus.hu\/wp-content\/uploads\/2025\/03\/2024-03-17-Kvar-Ev.templom-2048x1233.jpg 2048w\" sizes=\"auto, (max-width: 1020px) 100vw, 1020px\" \/> <img loading=\"lazy\" decoding=\"async\" class=\"alignnone size-large wp-image-388\" src=\"https:\/\/kaposvarievangelikus.hu\/wp-content\/uploads\/2025\/03\/2024-04-06-Kvar-Ev.templom-1024x474.jpg\" alt=\"\" width=\"1020\" height=\"472\" srcset=\"https:\/\/kaposvarievangelikus.hu\/wp-content\/uploads\/2025\/03\/2024-04-06-Kvar-Ev.templom-1024x474.jpg 1024w, https:\/\/kaposvarievangelikus.hu\/wp-content\/uploads\/2025\/03\/2024-04-06-Kvar-Ev.templom-300x139.jpg 300w, https:\/\/kaposvarievangelikus.hu\/wp-content\/uploads\/2025\/03\/2024-04-06-Kvar-Ev.templom-768x356.jpg 768w, https:\/\/kaposvarievangelikus.hu\/wp-content\/uploads\/2025\/03\/2024-04-06-Kvar-Ev.templom.jpg 1166w\" sizes=\"auto, (max-width: 1020px) 100vw, 1020px\" \/> <img loading=\"lazy\" decoding=\"async\" class=\"alignnone size-large wp-image-389\" src=\"https:\/\/kaposvarievangelikus.hu\/wp-content\/uploads\/2025\/03\/2024-09-20-Kvar-Ev.templom-ARS-SACRA-1024x728.jpg\" alt=\"\" width=\"1020\" height=\"725\" srcset=\"https:\/\/kaposvarievangelikus.hu\/wp-content\/uploads\/2025\/03\/2024-09-20-Kvar-Ev.templom-ARS-SACRA-1024x728.jpg 1024w, https:\/\/kaposvarievangelikus.hu\/wp-content\/uploads\/2025\/03\/2024-09-20-Kvar-Ev.templom-ARS-SACRA-300x213.jpg 300w, https:\/\/kaposvarievangelikus.hu\/wp-content\/uploads\/2025\/03\/2024-09-20-Kvar-Ev.templom-ARS-SACRA-768x546.jpg 768w, https:\/\/kaposvarievangelikus.hu\/wp-content\/uploads\/2025\/03\/2024-09-20-Kvar-Ev.templom-ARS-SACRA.jpg 1482w\" sizes=\"auto, (max-width: 1020px) 100vw, 1020px\" \/> <img loading=\"lazy\" decoding=\"async\" class=\"alignnone size-large wp-image-390\" src=\"https:\/\/kaposvarievangelikus.hu\/wp-content\/uploads\/2025\/03\/2024-10-06-Kvar-Ev.templom-1024x385.jpg\" alt=\"\" width=\"1020\" height=\"383\" srcset=\"https:\/\/kaposvarievangelikus.hu\/wp-content\/uploads\/2025\/03\/2024-10-06-Kvar-Ev.templom-1024x385.jpg 1024w, https:\/\/kaposvarievangelikus.hu\/wp-content\/uploads\/2025\/03\/2024-10-06-Kvar-Ev.templom-300x113.jpg 300w, https:\/\/kaposvarievangelikus.hu\/wp-content\/uploads\/2025\/03\/2024-10-06-Kvar-Ev.templom-768x289.jpg 768w, https:\/\/kaposvarievangelikus.hu\/wp-content\/uploads\/2025\/03\/2024-10-06-Kvar-Ev.templom-1536x578.jpg 1536w, https:\/\/kaposvarievangelikus.hu\/wp-content\/uploads\/2025\/03\/2024-10-06-Kvar-Ev.templom.jpg 1717w\" sizes=\"auto, (max-width: 1020px) 100vw, 1020px\" \/> <img loading=\"lazy\" decoding=\"async\" class=\"alignnone size-large wp-image-391\" src=\"https:\/\/kaposvarievangelikus.hu\/wp-content\/uploads\/2025\/03\/2024-12-08-Kvar-Ev-templom-1024x685.jpg\" alt=\"\" width=\"1020\" height=\"682\" srcset=\"https:\/\/kaposvarievangelikus.hu\/wp-content\/uploads\/2025\/03\/2024-12-08-Kvar-Ev-templom-1024x685.jpg 1024w, https:\/\/kaposvarievangelikus.hu\/wp-content\/uploads\/2025\/03\/2024-12-08-Kvar-Ev-templom-300x201.jpg 300w, https:\/\/kaposvarievangelikus.hu\/wp-content\/uploads\/2025\/03\/2024-12-08-Kvar-Ev-templom-768x514.jpg 768w, https:\/\/kaposvarievangelikus.hu\/wp-content\/uploads\/2025\/03\/2024-12-08-Kvar-Ev-templom-450x300.jpg 450w, https:\/\/kaposvarievangelikus.hu\/wp-content\/uploads\/2025\/03\/2024-12-08-Kvar-Ev-templom.jpg 1171w\" sizes=\"auto, (max-width: 1020px) 100vw, 1020px\" \/> <img loading=\"lazy\" decoding=\"async\" class=\"alignnone size-large wp-image-392\" src=\"https:\/\/kaposvarievangelikus.hu\/wp-content\/uploads\/2025\/03\/2024-12-08-Kvar-Ev.templom-1024x783.jpg\" alt=\"\" width=\"1020\" height=\"780\" srcset=\"https:\/\/kaposvarievangelikus.hu\/wp-content\/uploads\/2025\/03\/2024-12-08-Kvar-Ev.templom-1024x783.jpg 1024w, https:\/\/kaposvarievangelikus.hu\/wp-content\/uploads\/2025\/03\/2024-12-08-Kvar-Ev.templom-300x229.jpg 300w, https:\/\/kaposvarievangelikus.hu\/wp-content\/uploads\/2025\/03\/2024-12-08-Kvar-Ev.templom-768x587.jpg 768w, https:\/\/kaposvarievangelikus.hu\/wp-content\/uploads\/2025\/03\/2024-12-08-Kvar-Ev.templom.jpg 1536w\" sizes=\"auto, (max-width: 1020px) 100vw, 1020px\" \/><\/p>\n<p>&nbsp;&nbsp;&nbsp;&nbsp;&nbsp;&nbsp;&nbsp;&nbsp; A Kaposv\u00e1ri Evang\u00e9likus Gy\u00fclekezet Kamaraegy\u00fcttese &#8211; nyolc, lelkes, zeneszeret\u0151, hangszeren j\u00e1tsz\u00f3 gy\u00fclekezeti tagunk r\u00e9szv\u00e9tel\u00e9vel &#8211; 2018 december\u00e9ben kezdte meg m\u0171k\u00f6d\u00e9s\u00e9t. Az egy\u00fcttes alapvet\u0151 c\u00e9lkit\u0171z\u00e9sei k\u00f6z\u00e9 tartozik templomunk Istentiszteletein val\u00f3 zen\u00e9s k\u00f6zrem\u0171k\u00f6d\u00e9s.<\/p>\n<p>&nbsp;&nbsp;&nbsp;&nbsp;&nbsp;&nbsp;&nbsp;&nbsp; Ennek eredm\u00e9nyek\u00e9ppen az elm\u00falt \u00e9vekben rendszeresen r\u00e9szt vett\u00fcnk az egyh\u00e1zi esztend\u0151 jeles alkalmain: Advent, Kar\u00e1csony, H\u00fasv\u00e9t, P\u00fcnk\u00f6sd, Zenepavilon, ARS SACRA, Reform\u00e1ci\u00f3, Egyh\u00e1zmegyei Misszi\u00f3s nap, \u00d6kumenikus, \u00darvacsor\u00e1s \u00e9s \u00dcnnepi Istentiszteletek.<\/p>\n<p>&nbsp;&nbsp;&nbsp;&nbsp;&nbsp;&nbsp;&nbsp;&nbsp; Az egy\u00fcttes m\u0171sor\u00e1ban els\u0151sorban barokk (Bach, Corelli, Buxtehude, Handel, Vivaldi, Lotti, Torri, Telemann, Esterh\u00e1zy), valamint Mozart, Schubert alkot\u00e1sai szerepelnek. Az egy\u00fcttes Papp Tibor ir\u00e1ny\u00edt\u00e1s\u00e1val dolgozik, \u00e9vente 4-5 alkalommal szolg\u00e1lunk (gyakran Gy\u00fclekezet\u00fcnk K\u00f3rus\u00e1val k\u00f6z\u00f6sen), jelenlegi l\u00e9tsz\u00e1munk 10-12 f\u0151.<\/p>\n<p>&nbsp;<\/p>\n<p>&nbsp;<\/p>\n<p>&nbsp;<\/p>\n","protected":false},"excerpt":{"rendered":"<p class=\"post-excerpt\">A Kaposv\u00e1ri Evang\u00e9likus Gy\u00fclekezet Kamaraegy\u00fcttese A Kaposv\u00e1ri Evang\u00e9likus Gy\u00fclekezet Kamaraegy\u00fcttese &#8211; nyolc, lelkes, zeneszeret\u0151, hangszeren j\u00e1tsz\u00f3 gy\u00fclekezeti tagunk r\u00e9szv\u00e9tel\u00e9vel &#8211;&#8230;<\/p>\n","protected":false},"author":2,"featured_media":392,"parent":0,"menu_order":0,"comment_status":"closed","ping_status":"closed","template":"","meta":{"ngg_post_thumbnail":0,"footnotes":""},"class_list":["post-289","page","type-page","status-publish","has-post-thumbnail","hentry"],"_links":{"self":[{"href":"https:\/\/kaposvarievangelikus.hu\/index.php\/wp-json\/wp\/v2\/pages\/289","targetHints":{"allow":["GET"]}}],"collection":[{"href":"https:\/\/kaposvarievangelikus.hu\/index.php\/wp-json\/wp\/v2\/pages"}],"about":[{"href":"https:\/\/kaposvarievangelikus.hu\/index.php\/wp-json\/wp\/v2\/types\/page"}],"author":[{"embeddable":true,"href":"https:\/\/kaposvarievangelikus.hu\/index.php\/wp-json\/wp\/v2\/users\/2"}],"replies":[{"embeddable":true,"href":"https:\/\/kaposvarievangelikus.hu\/index.php\/wp-json\/wp\/v2\/comments?post=289"}],"version-history":[{"count":5,"href":"https:\/\/kaposvarievangelikus.hu\/index.php\/wp-json\/wp\/v2\/pages\/289\/revisions"}],"predecessor-version":[{"id":583,"href":"https:\/\/kaposvarievangelikus.hu\/index.php\/wp-json\/wp\/v2\/pages\/289\/revisions\/583"}],"wp:featuredmedia":[{"embeddable":true,"href":"https:\/\/kaposvarievangelikus.hu\/index.php\/wp-json\/wp\/v2\/media\/392"}],"wp:attachment":[{"href":"https:\/\/kaposvarievangelikus.hu\/index.php\/wp-json\/wp\/v2\/media?parent=289"}],"curies":[{"name":"wp","href":"https:\/\/api.w.org\/{rel}","templated":true}]}}