{"id":2430,"date":"2025-10-18T07:22:41","date_gmt":"2025-10-18T07:22:41","guid":{"rendered":"https:\/\/kaposvarievangelikus.hu\/?page_id=2430"},"modified":"2025-11-06T08:36:25","modified_gmt":"2025-11-06T08:36:25","slug":"temetes","status":"publish","type":"page","link":"https:\/\/kaposvarievangelikus.hu\/index.php\/temetes\/","title":{"rendered":"Temet\u00e9s"},"content":{"rendered":"<p><img loading=\"lazy\" decoding=\"async\" class=\"aligncenter\" src=\"https:\/\/cdn.metropol.hu\/2023\/10\/HgrHgvb9qjcLIeGzA-_MMQWyqfTomYUgmwTC3WAKNrg\/fit\/1167\/657\/no\/1\/aHR0cHM6Ly9jbXNjZG4uYXBwLmNvbnRlbnQucHJpdmF0ZS9jb250ZW50LzBlNDNkZjdkYmJhYjRhYTg5NjZjMWZmZWUzYTMyMDdl.jpg\" alt=\"Tragikusan fiatalon k\u00f6vette a hal\u00e1lba Matthew Perry-t a legenda\" width=\"286\" height=\"161\"><\/p>\n<p>N\u00e9ha szinte megfoghat\u00f3nak \u00e9rezz\u00fck Isten jelenl\u00e9t\u00e9t, m\u00e1skor pedig olyan, mintha elrejt\u0151z\u00f6tt volna. K\u00fcl\u00f6n\u00f6sen akkor t\u0171nhet t\u00e1volinak a Mindenhat\u00f3, ha elvesz\u00edt\u00fcnk valakit, akit szeret\u00fcnk. Pedig hit\u00fcnk szerint Isten ilyenkor is mellett\u00fcnk van, \u00e9s elk\u00eds\u00e9ri az \u00faton azt is, aki elt\u00e1vozott k\u00f6z\u00fcl\u00fcnk. Mindez kifejez\u00e9sre jut az evang\u00e9likus temet\u00e9si liturgi\u00e1ban, melynek alapja a hal\u00e1l elker\u00fclhetetlens\u00e9g\u00e9nek tapasztalata \u00e9s a felt\u00e1mad\u00e1sba vetett rem\u00e9nys\u00e9g.<\/p>\n<p>Az ember haland\u00f3. A <span style=\"color: #000000;\"><a class=\"glossary\" style=\"color: #000000;\">Biblia<\/a> <\/span>ezt a t\u00e9nyt a teremt\u00e9s rendj\u00e9nek l\u00e1tja. Az ember Isten teremtm\u00e9nye, \u00edgy \u0151 is r\u00e9sze a haland\u00f3s\u00e1gnak, mint minden m\u00e1s teremtm\u00e9ny. A haland\u00f3s\u00e1g megk\u00fcl\u00f6nb\u00f6zteti a Teremt\u0151j\u00e9t\u0151l, aki halhatatlan. A haland\u00f3s\u00e1g az embert mindig arra figyelmezteti, hogy Istent\u0151l, a Teremt\u0151t\u0151l f\u00fcgg az \u00e9lete, hogy az \u00e9let Isten aj\u00e1nd\u00e9ka. A hal\u00e1lban az ember visszaadja \u00e9let\u00e9t a Teremt\u0151nek. Mindez Isten terv\u00e9nek r\u00e9sze, melynek \u00e9rtelm\u00e9t, teljess\u00e9g\u00e9t az ember m\u00e9g nem ismeri. Ha az ember b\u00edzni tud Istenben, akkor a hal\u00e1lban is r\u00e1b\u00edzza mag\u00e1t, m\u00e9g akkor is, ha a hal\u00e1l kiismerhetetlen marad el\u0151tte. Az Isten ir\u00e1nti bizalom adhat az embernek b\u00e1tors\u00e1got akkor, amikor \u00e9let\u00e9t a hal\u00e1lban Teremt\u0151je kez\u00e9be teszi. A m\u00e1sik ember\u00e9rt odaadott \u00e9let \u00edgy lesz a szeretet \u00e9s a bizalom legnagyobb tette.<\/p>\n<p>Szeretn\u00e9nk a gy\u00e1szol\u00f3k mell\u00e9 \u00e1llni ebben a neh\u00e9z \u00e9lethelyzetben \u00e9s szeretn\u00e9nk r\u00e1mutatni arra, hogy J\u00e9zus Krisztus mindannyiunk\u00e9rt bej\u00e1rta a legm\u00e9lyebb emberi utat, felt\u00e1mad\u00e1s\u00e1val pedig mindannyiunknak \u00f6r\u00f6k \u00e9letet akar adni. Ezzel&nbsp; a hittel \u00e1llunk a gy\u00e1szol\u00f3k mell\u00e9 \u00e9s v\u00e9gez\u00fcnk temet\u00e9si szertart\u00e1st. A vigasztal\u00e1s \u00e9s b\u00e1tor\u00edt\u00e1s evang\u00e9lium\u00e1t sz\u00f3laltatjuk meg a temet\u00e9sen.<\/p>\n<p>A temet\u00e9s id\u0151pontj\u00e1nak egyeztet\u00e9s\u00e9hez javasoljuk a lelk\u00e9szt a temet\u0151i \u00fcgyint\u00e9z\u00e9ssel egyid\u0151ben felh\u00edvni. \u00cdgy elker\u00fclhet\u0151k az id\u0151pont\u00fctk\u00f6z\u00e9sek. Ezt k\u00f6vet\u0151en egy szem\u00e9lyes tal\u00e1lkoz\u00e1sra is sz\u00fcks\u00e9g van a lelk\u00e9szi hivatalban, hogy a temet\u00e9si anyak\u00f6nyvh\u00f6z sz\u00fcks\u00e9ges adatok felv\u00e9tele megt\u00f6rt\u00e9nhessen \u00e9s a temet\u00e9s r\u00e9szletei is megbesz\u00e9l\u00e9sre ker\u00fcljenek.<\/p>\n<p>&nbsp;<\/p>\n<p>&nbsp;<\/p>\n","protected":false},"excerpt":{"rendered":"<p class=\"post-excerpt\">N\u00e9ha szinte megfoghat\u00f3nak \u00e9rezz\u00fck Isten jelenl\u00e9t\u00e9t, m\u00e1skor pedig olyan, mintha elrejt\u0151z\u00f6tt volna. K\u00fcl\u00f6n\u00f6sen akkor t\u0171nhet t\u00e1volinak a Mindenhat\u00f3, ha elvesz\u00edt\u00fcnk&#8230;<\/p>\n","protected":false},"author":2,"featured_media":0,"parent":0,"menu_order":0,"comment_status":"closed","ping_status":"closed","template":"","meta":{"ngg_post_thumbnail":0,"footnotes":""},"class_list":["post-2430","page","type-page","status-publish","hentry"],"_links":{"self":[{"href":"https:\/\/kaposvarievangelikus.hu\/index.php\/wp-json\/wp\/v2\/pages\/2430","targetHints":{"allow":["GET"]}}],"collection":[{"href":"https:\/\/kaposvarievangelikus.hu\/index.php\/wp-json\/wp\/v2\/pages"}],"about":[{"href":"https:\/\/kaposvarievangelikus.hu\/index.php\/wp-json\/wp\/v2\/types\/page"}],"author":[{"embeddable":true,"href":"https:\/\/kaposvarievangelikus.hu\/index.php\/wp-json\/wp\/v2\/users\/2"}],"replies":[{"embeddable":true,"href":"https:\/\/kaposvarievangelikus.hu\/index.php\/wp-json\/wp\/v2\/comments?post=2430"}],"version-history":[{"count":5,"href":"https:\/\/kaposvarievangelikus.hu\/index.php\/wp-json\/wp\/v2\/pages\/2430\/revisions"}],"predecessor-version":[{"id":2608,"href":"https:\/\/kaposvarievangelikus.hu\/index.php\/wp-json\/wp\/v2\/pages\/2430\/revisions\/2608"}],"wp:attachment":[{"href":"https:\/\/kaposvarievangelikus.hu\/index.php\/wp-json\/wp\/v2\/media?parent=2430"}],"curies":[{"name":"wp","href":"https:\/\/api.w.org\/{rel}","templated":true}]}}