{"id":2421,"date":"2025-10-18T07:19:18","date_gmt":"2025-10-18T07:19:18","guid":{"rendered":"https:\/\/kaposvarievangelikus.hu\/?page_id=2421"},"modified":"2025-11-06T09:04:42","modified_gmt":"2025-11-06T09:04:42","slug":"eskuvo","status":"publish","type":"page","link":"https:\/\/kaposvarievangelikus.hu\/index.php\/eskuvo\/","title":{"rendered":"Esk\u00fcv\u0151"},"content":{"rendered":"<p><img loading=\"lazy\" decoding=\"async\" class=\"aligncenter\" src=\"https:\/\/img.freepik.com\/premium-photo\/wedding-rings-background-white-roses-marriage-concept_647843-764.jpg\" alt=\"Premium AI Image | Wedding rings on a background of white roses ...\" width=\"415\" height=\"277\"><\/p>\n<p>Az egyh\u00e1zi esk\u00fcv\u0151n k\u00e9t ember szerelme ker\u00fcl el\u0151t\u00e9rbe. Hit\u00fck szerint a szerelem a teremt\u0151 Isten aj\u00e1nd\u00e9ka a f\u00e9rfi \u00e9s n\u0151 sz\u00e1m\u00e1ra. Ez\u00e9rt az egyh\u00e1zi esk\u00fcv\u0151t a h\u00e1laad\u00e1s \u00e9s az \u00f6r\u00f6m jellemzi. Akik h\u00e1zass\u00e1got k\u00f6tnek, esk\u00fcvel er\u0151s\u00edtik meg, hogy a h\u00e1zass\u00e1g szeretet-k\u00f6z\u00f6ss\u00e9g\u00e9ben h\u0171s\u00e9gesen kitartanak egym\u00e1s mellett eg\u00e9sz \u00e9let\u00fck sor\u00e1n. Ehhez k\u00e9rik Isten <a class=\"glossary\">\u00e1ld\u00e1s<\/a>\u00e1t, vagyis azt, hogy aki meg\u00e1ldotta a f\u00e9rfi \u00e9s a n\u0151 h\u00e1zass\u00e1g\u00e1t \u00e1ltal\u00e1ban, \u00e1ldja meg az \u00f6v\u00e9k\u00e9t is.<\/p>\n<p class=\"main\">A h\u00e1zast\u00e1rsi szeretet \u00e9s hal\u00e1lig tart\u00f3 h\u0171s\u00e9g az emberi lehet\u0151s\u00e9gek hat\u00e1rain bel\u00fcl tal\u00e1lhat\u00f3ak, ez\u00e9rt mindkett\u0151re esk\u00fct tehetnek a h\u00e1zasuland\u00f3k. Az esk\u00fc esedez\u00e9s is egyben, Isten seg\u00edts\u00e9g\u00fcl h\u00edv\u00e1sa. Mik\u00f6zben a h\u00e1zass\u00e1g Isten aj\u00e1nd\u00e9ka, a mindennapok sz\u00e1m\u00e1ra feladatokat jelent. Olyan \u00e9letforma, amely a mindennapokban megtart\u00f3 er\u0151. Megadja az \u00e9letnek azt a szil\u00e1rd keret\u00e9t, amelyet maguk a h\u00e1zasp\u00e1rok t\u00f6ltenek meg tartalommal Isten szeretet\u00e9nek egys\u00e9g\u00e9ben.<\/p>\n<p class=\"main\">Hit\u00fcnk szerint a h\u00e1zass\u00e1got Isten alap\u00edtotta \u00e9s rendelte. Ez\u00e9rt Isten teremt\u00e9sbeli rendj\u00e9hez tartozik, hogy f\u00e9rfi \u00e9s n\u0151 egym\u00e1ssal \u00e9s egym\u00e1s\u00e9rt \u00e9ljen, csal\u00e1dot alap\u00edtson. Mindehez Isten \u00edg\u00e9rete, <a class=\"glossary\">\u00e1ld\u00e1s<\/a>a \u00e9s kegyelme kapcsol\u00f3dik.<\/p>\n<p class=\"main\">A legt\u00f6bb jegyesp\u00e1r \u00fagy \u00e9rkezik a lelk\u00e9szi hivatalba, hogy fel sem vet\u0151dik benn\u00fck az&nbsp;<a class=\"glossary\">\u00f6kumenikus<\/a>&nbsp;esk\u00fcv\u0151 lehet\u0151s\u00e9ge, pedig m\u00e1r 2000 p\u00fcnk\u00f6sdje \u00f3ta lehet\u0151s\u00e9g van r\u00e1. K\u00f6zismert t\u00e9ny, hogy a katolikus, a&nbsp;<a class=\"glossary\">reform\u00e1tus<\/a>&nbsp;\u00e9s az evang\u00e9likus tan\u00edt\u00e1s a h\u00e1zass\u00e1ggal kapcsolatban t\u00f6bb elt\u00e9r\u00e9st mutat. A&nbsp;<a class=\"glossary\">protest\u00e1ns<\/a>&nbsp;egyh\u00e1zakban az esk\u00fcv\u0151 nem szents\u00e9g, m\u00edg a katolikus egyh\u00e1zban olyan szents\u00e9g, amelyet a h\u00e1zasuland\u00f3k egym\u00e1snak szolg\u00e1ltatnak ki.<\/p>\n<p class=\"main\">Az evang\u00e9likus,&nbsp;<a class=\"glossary\">reform\u00e1tus<\/a>&nbsp;\u00e9s katolikus egyh\u00e1zak k\u00e9pvisel\u0151i az\u00e9rt dolgozt\u00e1k ki az&nbsp;<a class=\"glossary\">\u00f6kumenikus<\/a>&nbsp;esket\u00e9si liturgi\u00e1kat, mivel ezzel is cs\u00f6kkenteni k\u00edv\u00e1nj\u00e1k a felekezeti megosztotts\u00e1g \u00e1ltal gerjesztett probl\u00e9m\u00e1kat a csal\u00e1dok \u00e9let\u00e9ben. A liturgi\u00e1k nem csak az \u00f6kumenikus k\u00f6zeled\u00e9s dokumentumai, hanem \u00e9rz\u00e9kelhet\u0151 p\u00e9ld\u00e1i a&nbsp;<a class=\"glossary\">Krisztus<\/a>ban val\u00f3 egys\u00e9g felekezeteken \u00e1t\u00edvel\u0151 t\u00e9ny\u00e9nek.<\/p>\n<p>Az esk\u00fcv\u0151 egy p\u00e1r alkalmas besz\u00e9lget\u00e9s sorozat el\u0151zi meg a v\u00e1lasztott lelk\u00e9sszel, melyben k\u00f6z\u00f6sen k\u00e9sz\u00fcl\u00fcnk a p\u00e1rral az esk\u00fcv\u0151re. A besz\u00e9lget\u00e9s c\u00e9lja, hogy a p\u00e1r lelkileg is feltudjon k\u00e9sz\u00fclni az esk\u00fcv\u0151re, illetve a lek\u00e9sz megismerhesse a p\u00e1rt, hogy a szertart\u00e1s szem\u00e9lyes lehessen. A besz\u00e9lget\u00e9sek el\u0151re egyeztetett id\u0151pontban t\u00f6rt\u00e9nnek.<\/p>\n<p>Az esk\u00fcv\u0151i sz\u00e1nd\u00e9kot c\u00e9lszer\u0171 a lehet\u0151 leghamarabb bejelenteni a lelk\u00e9szn\u00e9l illetve a lelk\u00e9szi hivatalban.<\/p>\n<p>&nbsp;<\/p>\n","protected":false},"excerpt":{"rendered":"<p class=\"post-excerpt\">Az egyh\u00e1zi esk\u00fcv\u0151n k\u00e9t ember szerelme ker\u00fcl el\u0151t\u00e9rbe. Hit\u00fck szerint a szerelem a teremt\u0151 Isten aj\u00e1nd\u00e9ka a f\u00e9rfi \u00e9s n\u0151&#8230;<\/p>\n","protected":false},"author":2,"featured_media":0,"parent":0,"menu_order":0,"comment_status":"closed","ping_status":"closed","template":"","meta":{"ngg_post_thumbnail":0,"footnotes":""},"class_list":["post-2421","page","type-page","status-publish","hentry"],"_links":{"self":[{"href":"https:\/\/kaposvarievangelikus.hu\/index.php\/wp-json\/wp\/v2\/pages\/2421","targetHints":{"allow":["GET"]}}],"collection":[{"href":"https:\/\/kaposvarievangelikus.hu\/index.php\/wp-json\/wp\/v2\/pages"}],"about":[{"href":"https:\/\/kaposvarievangelikus.hu\/index.php\/wp-json\/wp\/v2\/types\/page"}],"author":[{"embeddable":true,"href":"https:\/\/kaposvarievangelikus.hu\/index.php\/wp-json\/wp\/v2\/users\/2"}],"replies":[{"embeddable":true,"href":"https:\/\/kaposvarievangelikus.hu\/index.php\/wp-json\/wp\/v2\/comments?post=2421"}],"version-history":[{"count":5,"href":"https:\/\/kaposvarievangelikus.hu\/index.php\/wp-json\/wp\/v2\/pages\/2421\/revisions"}],"predecessor-version":[{"id":2611,"href":"https:\/\/kaposvarievangelikus.hu\/index.php\/wp-json\/wp\/v2\/pages\/2421\/revisions\/2611"}],"wp:attachment":[{"href":"https:\/\/kaposvarievangelikus.hu\/index.php\/wp-json\/wp\/v2\/media?parent=2421"}],"curies":[{"name":"wp","href":"https:\/\/api.w.org\/{rel}","templated":true}]}}